?
-42
Calculate 22 + (9 - (-64 + 118)).
-23
What is -11 + 21 + -26 - 32?
-48
12 - (8 - (23 - 29)) - (37 + 6)
-45
What is 24 + 23 + (8 + -19 - (40 + 4))?
-8
(-5 - 11) + -32 + 33 + 5
-10
What is (-34 + 56 - 10) + -15?
-3
84 + (12 - (-5 - -25)) + -27
49
Calculate (-22 + 20 + -88 - -40) + (0 - -2) + 12.
-36
Evaluate 29 - (1 + -7 + 4) - (45 - 50).
36
Evaluate (-3 - (-6 + 5)) + -5 + -2 + -25.
-34
What is (-37 - (78 + -274)) + -82?
77
Calculate (7 + -1 + -66 + 58 - (1 - 42)) + 9.
48
What is -4 + (2 - 15) + 167 + 35 + -103?
82
What is (-83 - -157 - -9) + -85?
-2
Evaluate -11211 + 11166 - (11 + 1).
-57
(-50 - 28 - -47) + 42
11
What is the value of 9 - (-6 - (-7 + 0)) - (-49 - -3)?
54
What is the value of (-83 - -53 - 4) + 82?
48
Evaluate 62 + -99 + (-61 - -120).
22
0 + 23 + 1 + -43316 + 43333
41
(44 + -44 - -11) + 11
22
Evaluate 2 - ((5 - 0) + -3) - (1910 + -1859).
-51
Evaluate 41 - (-17 - -38) - (30 - -5).
-15
What is 79 + 0 + 3 + (5 - 10) + -12?
65
(-71 - -20) + 98 - 53
-6
Evaluate 45 + 37 + 37 + -84.
35
What is the value of -20 + (-11 + 5 - -3) + 43 + -30?
-10
Evaluate -43 + 93 + 26 + -43 + 9.
42
81 + -29 - 19 - (2 - (4 - 2 - -6))
39
Calculate -3238 - -3268 - (1 + 77).
-48
What is the value of (202 + -195 - -5) + 0 + -1 + -18?
-7
Calculate -7 - (11 - 12) - (-37 + -3) - -7.
41
Evaluate -44 + (41 + -64 - -76).
9
Evaluate 0 + -12 - (2 + 34 + (22 - 44)).
-26
Calculate (-152 - -48) + 19 + 0 + -2 + 3.
-84
What is the value of 15 + -13 + 4 + 18 + 23 - (-13 - 1)?
61
-25 + (-1 - -28 - 27) - -12
-13
Evaluate -7 + (0 - 6) - (23 - (-4 + 30)).
-10
Calculate 2 + -5 + 20 + 3 + 9 + 4.
33
What is the value of (47 - 33) + -15 - 12?
-13
Calculate 269 + -271 + -3 + 3 + 5 + 3.
6
-17 + (8 - -30) + (11 - 45) + 136
123
Calculate 14 + (4 + 27 + -42 - -41).
44
Calculate (-5 - -60) + -9 + -16.
30
Evaluate (3 - (3 + 2 + -1)) + (-26 - 64) + 98.
7
Evaluate -25 + (5 + -3 + 72 - 25).
24
46 + (24 + -86 - -47)
31
What is the value of 28 - (33 + -13) - (-2 + (-1 - -1) + 5)?
5
(-1 - 6) + 15 + (-23 - -6) + -3 + 41
29
What is (7 - 14) + 4 + -37 + (-16 - 3)?
-59
-15 + (-10 - 17) - -15
-27
Calculate 1 - (-22 - (15 + (-2 - 5) - 1)).
30
Calculate 1351 + -1371 - (-30 - 2).
12
What is the value of -681 + 708 + (2 - 64)?
-35
What is -5 + (19 - (-2 + 2 + 4 + -3))?
13
Evaluate 6 + (3 + -3 + -12 - (-127 + 122)).
-1
What is 104 + -78 + 14 + -20?
20
Calculate -7 + -2 + (-10 + 21 - (6 + -4)) - 72.
-72
-4 + (-18 + 12 - (-15 + 6)) + -56
-57
What is the value of 5 + (-2 + 12 - (16 + (-13 - 0) - -8))?
4
Calculate -17 + 1 - (131 + -175).
28
Evaluate 21 + 3 + 18 + (-19 - -35).
58
What is (118 - 145) + 4 + -4?
-27
Evaluate (1020 - 1084) + (-4 - -2 - -13).
-53
What is -1 - -7 - (-5 + -2 - (700 - 709))?
4
Evaluate 3 + 69 + (-494 - -467).
45
What is the value of -58 - -29 - -18 - ((9 - 4) + -19)?
3
What is the value of 35 + (82 - 25) + 5 + 21?
118
Evaluate 20 + (-24 + 73 - 40).
29
Evaluate -3385 - -3441 - (0 - -50).
6
What is the value of -78 - (-8 - ((-10 - -1 - -10) + 7))?
-62
Calculate (0 - (-16 - -1)) + 312 + -513 + 215.
29
Calculate 15 - (9 + (14 - 1 - 24) + 25).
-8
What is 2 + -14 + (6 - 6 - 5) + 18?
1
(-4 - (15 + -44 + 22)) + (2 - (48 + -2))
-41
What is 16 + 8 + (-31 + 38 - 32)?
-1
Calculate -120 + 110 - (-3 + 5 + 5) - (1 + -2).
-16
Calculate 11 - (5 + (-3 - (-6 + 8))) - 52.
-41
What is the value of 39 - (-14 + 14 + -38 + -60)?
137
Calculate -31 - (46 + -74) - (33 - 10).
-26
Calculate -72 - (-147 + 92 + -55).
38
Calculate -2 + (-150 - -1) - (-5116 - -5072).
-107
Calculate -7 - (-2 + (-24 - (-51 - -24))).
-8
What is (2 - (18 - 1)) + 27 + (42 - -4)?
58
Evaluate -210 - (146 - 346) - (1 + -36).
25
What is -21 + 32 + 25 + -14 + 1?
23
8 + -8 + 60 + (20 - 8 - 16 - -13)
69
What is the value of -31 - (-29 + (12 - (22 + -35)))?
-27
-31 - (23 - -24) - -39
-39
(76 + -9 - 10) + 5 + -4 - 11
47
Calculate -41 + (-53 - -132) - 109.
-71
(-2 - -3) + -2 + 22 + -21 + 1 + -8
-7
-70 + (74 - 85 - (-16 + 3)) + (3 - -3)
-62
Calculate -38 + -57 - -58 - (-6 + 6 - -13).
-50
What is the value of 6655 - 6660 - (-2 + 0 + (2 - -45))?
-50
What is the value of -6 + -9 + 25 + 5 + 27?
42
Calculate 0 + (-4 - 0) + 0 + 15 + -267 + 267.
11
Evaluate -90 + -46 + (-39 - -147).
-28
Evaluate 93 + -8 + (19 - 27) - (-18 + -2).
97
Evaluate 101 - (-94 - -39 - -59).
97
What is (-2 + 3 - 13) + (208 - 201) + -2?
-7
What is the value of 0 - (4 + -2 + -1 - (-25 + -12 + 5))?
-33
Calculate 0 + -53 + (-10 - (-32 + 6)) + (3 - 16).
-50
(1 - 38) + (20 - -10) + -8
-15
What is -8 + -91 + -6 + 38 + -10 + -25?
-102
What is the value of (277 - 286) + -82 + 0 + (0 - -11)?
-80
Calculate 2667 + -2642 + (0 - 61).
-36
What is the value of 0 + 13 - (-16 + (1 + 32 - 37))?
33
What is -4 + 33 + -11 + (37 - 52)?
3
Evaluate 36 + -1 + -19 + -3 + -4 + -2 + 13.
20
What is -433 + 118 + 161 - ((0 - (2 + -2)) + -3)?
-151
Evaluate 2 + -1 + -2 + (16 - 13) + -16.
-14
Evaluate 418 + -411 + -19 + 0 - -18.
6
What is -37 - (-103 - -34) - (3 + 4 + 3)?
22
What is the value of 35 + (-20 - (-10 + -11)) - (1 + -1)?
36
(122 - (-38 - -75)) + -200
-115
39 - (-32 + -35 + 32 - -4)
70
Calculate -12 - (-3 - ((2 - -3) + 8 + 0)).
4
-2 + -45 + 61 - (0 + 65) - -8
-43
-27 + 5 - 0 - (-33 + 60 + -26)
-23
Calculate -12 + 3 + -12 + 35 + 21 + -102.
-67
What is -92 - ((-7 - -6 - (-3 - -1)) + (89 - 99))?
-83
What is the value of -7 - (-5 + 3 - 10 - 4 - 5)?
14
Evaluate -38 + 50 - (-4 - (1 + -8 + 14)).
23
Calculate (-2 - (-3 + 6 - -30) - -8) + -9.
-36
What is the value of (1 - (-10 - (1 + -20))) + (-4 - 2 - 14)?
-28
Calculate 53 + (40 - 80) - 24 - -64.
53
Calculate (-32 - -11) + (5 - (0 - 18)).
2
Calculate (97 - 209 - -102) + 2 + -20.
-28
What is 1888 + -1763 - (1 + 44)?
80
What is -117 + 104 + (5 - (4 - 2)) + 3?
-7
What is -22 - (91 + -106 - (5 + -1))?
-3
What is the value of (35 - -2 - 0) + -653 + 651 + -2?
33
Calculate (62 + -14 - -32) + -25 + 24.
79
What is the value of 6 - ((-61 - -95) + -60)?
32
What is the value of 17 + (-20 + 4 + 35 + -14 - 67)?
-45
What is the value of -19 + -2 - (29 - 231 - -107)?
74
(114 - 1) + 24 + (-46 - 7) + 11
95
9 + (-48 - (-23 - (3 + -15 + 2)))
-26
What is 20 + -51 + 14 - (20 - -3)?
-40
Evaluate 2432 + -2486 - (-1 - 38).
-15
What is 42 + (66 - 57) + -42?
9
Evaluate 103 + -1 + 24 + -6 + -34 + 0.
86
(-30 - -36) + 9 + 0 + 4 + -4
15
-8 - (27 + -13 - ((-7 - -15) + -3))
-17
What is 2 + -40 - -118 - 45?
35
Evaluate (1 + -1 - 54) + 63 + (17 - 94).
-68
What is the value of -1 - 3 - (315 - 340)?
21
Evaluate -54 + 70 - 55 - (2 - -28).
-69
What is the value of -149 + 135 - 239 - -125?
-128
Evaluate -186 - (122 + -8 + -215).
-85
3 + -55 - (30 + -24 + 23 + -12)
-69
What is the value of (-14 + 6 + 5 - -12) + -3 - (3 - 42)?
45
56 - (-3 - (-7 + (-9 - -16) + -11))
48
What is 56 + -113 + 101 - 99?
-55
What is the value of 14 + 43 + -14 + (3 - 17) + 21?
50
Evaluate 19 + (-7 - 4 - -2 - 5).
5
What is the value of 1 + -11 - (40 + (-33 - 23) + 7)?
-1
Evaluate -113 - (115 + -80 - 118).
-30
What is the value of -75 + -104 + 275 + (-1 - 0)?
95
(-90 - (-44 - 3)) + 69
26
What is the value of -35 - (-79 - -43) - -1?
2
Calculate (-100 - (0 - (5 - -2))) + -14.
-107
Calculate 3 + 1 + 111 + -242 + 237 - (-11 + 1).
120
Evaluate (-25 - -45) + (-19 - -7 - -14).
22
What is -8 - (-12 - -12) - -11 - (-2 + 0 + 16)?
-11
What is the value of 13 + -18 + 182 + -88?
89
(-17 - -26) + -8 + (22 - (-71 - -10))
84
Evaluate 18 + 11 + -5 + 18 - (-14 + 19).
37
(-6 - 2) + (0 - -8) + 9
9
What is the value of (47 - -31) + -125 + 2 + 25?
-20
What is the value of -156 + 117 + -34 - -21?
-52
What is the value of (196 - (415 - 194)) + (1 + 137 - 3)?
110
What is the value of 4 - ((1 - (-36 - -7)) + (28 - 14 - 5))?
-35
What is the value of 49 + 3 + -47 - (27 - 39)?
17
Calculate (-571 - -314) + 259 + -1 + 77 + (-1 - -2).
79
Evaluate -125 + 107 + 0 + 30 + 2.
14
What is the value of -66 - (-70 - -83 - (-6 - -16))?
-69
What is (-9 - (-2 - 13)) + 29 - (-3 + 9)?
29
What is -366 + 373 + -9 + 1 + (-58 - (6 - 4))?
-61
What is the value of -2 + (-7 - 6 - -23 - (1 + -16))?
23
What is -37 + (-137 - -183) + 22?
31
Calculate -39 + (17 - (6 + 11 + -10 + 4)).
-33
Calculate (-20 - 0) + -23290 + 23219.
-91
Evaluate -4 + -3 + (4 - (3 + -7) - (-4 + 9)).
-4
Calculate 4 + -75 + 61 + -95.
-105
Calculate -8 + -84 + -41 - -93.
-40
6 - (-9 - (-8 - -3) - (-72 - (2 +